{"id":858,"date":"2026-03-25T09:43:38","date_gmt":"2026-03-25T09:43:38","guid":{"rendered":"https:\/\/www.gynekologietabor.cz\/?page_id=858"},"modified":"2026-03-31T13:48:48","modified_gmt":"2026-03-31T13:48:48","slug":"informace-pro-pacienty","status":"publish","type":"page","link":"https:\/\/www.gynekologietabor.cz\/?page_id=858","title":{"rendered":"INFORMACE PRO PACIENTY"},"content":{"rendered":"\n<h3 class=\"wp-block-heading has-text-align-center\">Prvn\u00ed n\u00e1v\u0161t\u011bva<\/h3>\n\n\n\n<p class=\"remove-bottom-space-0\"><mark style=\"background-color:rgba(0, 0, 0, 0)\" class=\"has-inline-color has-nv-dark-bg-color\">Na prvn\u00ed n\u00e1v\u0161t\u011bvu si pros\u00edm p\u0159ineste:<\/mark><\/p>\n\n\n\n<ul class=\"wp-block-list remove-top-space-0\">\n<li><mark style=\"background-color:rgba(0, 0, 0, 0)\" class=\"has-inline-color has-nv-dark-bg-color\">pr\u016fkaz zdravotn\u00ed poji\u0161\u0165ovny<\/mark><\/li>\n\n\n\n<li><mark style=\"background-color:rgba(0, 0, 0, 0)\" class=\"has-inline-color has-nv-dark-bg-color\">ob\u010dansk\u00fd pr\u016fkaz<\/mark><\/li>\n\n\n\n<li><mark style=\"background-color:rgba(0, 0, 0, 0)\" class=\"has-inline-color has-nv-dark-bg-color\">ev. o\u010dkovac\u00ed pr\u016fkaz (zda m\u00e1te o\u010dkov\u00e1n\u00ed proti HPV infekci).<\/mark><\/li>\n<\/ul>\n\n\n\n<h3 class=\"wp-block-heading has-text-align-center\">Objedn\u00e1n\u00ed<\/h3>\n\n\n\n<ul class=\"wp-block-list\">\n<li><mark style=\"background-color:rgba(0, 0, 0, 0)\" class=\"has-inline-color has-nv-dark-bg-color\">objedn\u00e1vat se m\u016f\u017eete telefonicky (ne formou sms zpr\u00e1vy)<\/mark><\/li>\n\n\n\n<li><mark style=\"background-color:rgba(0, 0, 0, 0)\" class=\"has-inline-color has-nv-dark-bg-color\">akutn\u00ed p\u0159\u00edpady o\u0161et\u0159\u00edme po p\u0159edchoz\u00ed telefonick\u00e9 domluv\u011b<\/mark><\/li>\n\n\n\n<li><mark style=\"background-color:rgba(0, 0, 0, 0)\" class=\"has-inline-color has-nv-dark-bg-color\">v p\u0159\u00edpad\u011b, \u017ee se n\u00e1m nedovol\u00e1te, v\u00e1s budeme zp\u011btn\u011b kontaktovat &#8211; \u017e\u00e1d\u00e1me pacientky o dodr\u017eov\u00e1n\u00ed objednan\u00fdch \u010das\u016f, aby mohl b\u00fdt zaji\u0161t\u011bn plynul\u00fd chod ordinace a minim\u00e1ln\u00ed \u010dekac\u00ed doby<\/mark><\/li>\n<\/ul>\n\n\n\n<h3 class=\"wp-block-heading has-text-align-center\">Recepty<\/h3>\n\n\n\n<ul class=\"wp-block-list\">\n<li><mark style=\"background-color:rgba(0, 0, 0, 0)\" class=\"has-inline-color has-nv-dark-bg-color\">recepty pos\u00edl\u00e1me elektronicky<\/mark><\/li>\n\n\n\n<li><mark style=\"background-color:rgba(0, 0, 0, 0)\" class=\"has-inline-color has-nv-dark-bg-color\">pro zasl\u00e1n\u00ed receptu je mo\u017en\u00e9 volat&nbsp; \u010di napsat SMS<\/mark><\/li>\n\n\n\n<li><mark style=\"background-color:rgba(0, 0, 0, 0)\" class=\"has-inline-color has-nv-dark-bg-color\">do SMS pi\u0161t\u011b cel\u00e9 jm\u00e9no klientky a n\u00e1zev l\u00e9ku &#8211; recepty pos\u00edl\u00e1me v dob\u011b ordina\u010dn\u00edch hodin<\/mark><\/li>\n<\/ul>\n\n\n\n<h3 class=\"wp-block-heading has-text-align-center\">Zru\u0161en\u00ed term\u00ednu<\/h3>\n\n\n\n<ul class=\"wp-block-list\">\n<li><mark style=\"background-color:rgba(0, 0, 0, 0)\" class=\"has-inline-color has-nv-dark-bg-color\">v p\u0159\u00edpad\u011b, \u017ee se nem\u016f\u017eete dostavit, pros\u00edme o v\u010dasn\u00e9 zru\u0161en\u00ed term\u00ednu telefonicky<\/mark><\/li>\n<\/ul>\n\n\n\n<h3 class=\"wp-block-heading has-text-align-center\">Platba<\/h3>\n\n\n\n<ul class=\"wp-block-list\">\n<li><mark style=\"background-color:rgba(0, 0, 0, 0)\" class=\"has-inline-color has-nv-dark-bg-color\">mo\u017enost platby je pouze v hotovosti<\/mark><\/li>\n<\/ul>\n\n\n\n<h5 class=\"wp-block-heading has-text-align-left\"><strong><em><mark style=\"background-color:rgba(0, 0, 0, 0)\" class=\"has-inline-color has-nv-dark-bg-color\">D\u011bkujeme, \u017ee respektujete uveden\u00e9 pokyny a pom\u00e1h\u00e1te n\u00e1m zajistit kvalitn\u00ed p\u00e9\u010di pro v\u0161echny pacientky.<\/mark><\/em><\/strong><\/h5>\n\n\n\n<div style=\"height:30px\" aria-hidden=\"true\" class=\"wp-block-spacer\"><\/div>\n","protected":false},"excerpt":{"rendered":"<p>Prvn\u00ed n\u00e1v\u0161t\u011bva Na prvn\u00ed n\u00e1v\u0161t\u011bvu si pros\u00edm p\u0159ineste: Objedn\u00e1n\u00ed Recepty Zru\u0161en\u00ed term\u00ednu Platba D\u011bkujeme, \u017ee respektujete uveden\u00e9 pokyny a pom\u00e1h\u00e1te n\u00e1m zajistit kvalitn\u00ed p\u00e9\u010di pro v\u0161echny pacientky.<\/p>\n","protected":false},"author":1,"featured_media":0,"parent":0,"menu_order":0,"comment_status":"closed","ping_status":"closed","template":"","meta":{"neve_meta_sidebar":"","neve_meta_container":"","neve_meta_enable_content_width":"off","neve_meta_content_width":100,"neve_meta_title_alignment":"","neve_meta_author_avatar":"","neve_post_elements_order":"","neve_meta_disable_header":"","neve_meta_disable_footer":"","neve_meta_disable_title":"","footnotes":""},"class_list":["post-858","page","type-page","status-publish","hentry"],"_links":{"self":[{"href":"https:\/\/www.gynekologietabor.cz\/index.php?rest_route=\/wp\/v2\/pages\/858","targetHints":{"allow":["GET"]}}],"collection":[{"href":"https:\/\/www.gynekologietabor.cz\/index.php?rest_route=\/wp\/v2\/pages"}],"about":[{"href":"https:\/\/www.gynekologietabor.cz\/index.php?rest_route=\/wp\/v2\/types\/page"}],"author":[{"embeddable":true,"href":"https:\/\/www.gynekologietabor.cz\/index.php?rest_route=\/wp\/v2\/users\/1"}],"replies":[{"embeddable":true,"href":"https:\/\/www.gynekologietabor.cz\/index.php?rest_route=%2Fwp%2Fv2%2Fcomments&post=858"}],"version-history":[{"count":33,"href":"https:\/\/www.gynekologietabor.cz\/index.php?rest_route=\/wp\/v2\/pages\/858\/revisions"}],"predecessor-version":[{"id":934,"href":"https:\/\/www.gynekologietabor.cz\/index.php?rest_route=\/wp\/v2\/pages\/858\/revisions\/934"}],"wp:attachment":[{"href":"https:\/\/www.gynekologietabor.cz\/index.php?rest_route=%2Fwp%2Fv2%2Fmedia&parent=858"}],"curies":[{"name":"wp","href":"https:\/\/api.w.org\/{rel}","templated":true}]}}